
What is the value of (36 - 41) + (-14 - 1)?
-20
Calculate (-9 - (0 + -2)) + (-492 - -503).
4
What is the value of -13 + -11 + 10 + 11 + 10?
7
What is 0 - (17 - (-25 + 62))?
20
-3 - -1 - (36 + -31 + -9)
2
-15 + -1 + -28 + 49
5
Calculate -3 + -10 + (-2 - (-34 + -13)).
32
What is 0 + -3 - -4 - (-256 + 235)?
22
What is the value of 1 + -26 - (-8 - (-3 + -6 + 1))?
-25
Evaluate -1 + (6 - 1) + -3 + (1 - 6).
-4
Calculate 1 + -2 + 15 + -14 + -18 + 29.
11
What is (-6 + 7 + -9 - -2) + (1 - -6)?
1
Evaluate 6 - 0 - (-6 + 7 + -1 + -18).
24
What is the value of 7 + (13 - 27) - 0?
-7
Calculate 8 + (-1 + 0 - 7 - -11).
11
What is the value of (-7 - -3 - -3) + (23 - (21 + -8))?
9
What is the value of 1 + -6 + (-20 - -22) + -5 - 1?
-9
Calculate 27 + -7 - (-24 - -18).
26
2 + 5 + -10 + 7 - -15 - -8
27
8 - (-6 + 18 - 5) - -8
9
What is (1 - 2 - 1) + -4746 + 4754?
6
Evaluate (-8 - (-1 - (6 - 7))) + 1 + -1.
-8
Calculate -1 + 17 + (12 - (-18 + 26)) + -2.
18
Calculate (-1 - 18) + 39 + (-48 - -13).
-15
What is the value of -8 + (-24 - -14 - -17)?
-1
What is the value of (-10 - (6 - 18)) + -4 + 5?
3
What is the value of 8 - (-2 - 11 - -11)?
10
Evaluate 4 - (-3 - -15) - -21.
13
Evaluate (0 - -11) + -4 + -1 - -5.
11
What is the value of -7 - (-17 - -18) - (-19 - -2)?
9
Evaluate -64 - -56 - (9 + 2 - 1).
-18
-17 - 3 - (58 + -75)
-3
Calculate -38 + 5 + 8 + (5 - -3) + -8.
-25
Evaluate 33 + (1 - (-3 + 3 + 0) - 5).
29
What is 11 + 4 + -35 - -32?
12
(24 - 5 - 2) + -4 + -5 + 7
15
What is -14 + -8 + 22 + (6 - (9 - -5))?
-8
-11 - (0 - (8 - (-6 + 15)))
-12
-6 + (-39 - -17) + 29
1
Calculate -21 + -3 - (-22 + 8).
-10
Calculate 4 + -1 + 3 + (-96 - -85).
-5
What is (17 - 18) + -47 + 20?
-28
Calculate 1 + (-19 - (-4 - (1 + 0))) + 3.
-10
Evaluate 8 + (3 - 5 - -7 - (9 + -1)).
5
What is the value of -56 + 27 + 6 + (-1 - (1 + -1))?
-24
Calculate -5 - (18 + -24) - -2.
3
What is the value of -35 - ((21 - 5) + -23)?
-28
What is 13 - (-47 + 52 - -37)?
-29
What is the value of 2 + (4 - -4 - (9 + 26)) + 6?
-19
(8 + (-5 - -9) - 14) + 9
7
Calculate 24 + 2 - (-8 - 5 - -25).
14
What is (-57 - -47) + 1 + 5?
-4
What is 35 - 26 - -27 - 14?
22
8 + (-9 + (-5 - -6) - 20)
-20
Evaluate -30 + 23 + (29 - (-8 - -5)) - 6.
19
Calculate 9 + 2 - (0 + 20).
-9
Evaluate (-1 - -9 - (-1 - 1)) + (124 - 157).
-23
Calculate 22 - 27 - ((6 - 7) + -5 - -4).
-3
What is the value of 38 + -44 - (-11 + 25)?
-20
Calculate 51 + -29 - (-11 - -10).
23
What is (-3 - (-2 + 3)) + 13 - 7 - 14?
-12
Evaluate -35 - (18 - 0 - 28).
-25
-6 + -1 - (-23 - -16 - (-7 + -1))
-8
Calculate 11 + (10 - -6) + -25.
2
What is the value of 1 + 19 + (-124 - -108)?
4
-15 + -9 + 9 - -12
-3
9 + 4 + 24 - (10 - (-3 + 4))
28
Evaluate -4 + (8 + 3 - 8) + 1.
0
10 + 6 + (-6 - -7) - 4
13
Evaluate 14 - (19 + -25) - 34.
-14
Evaluate (-42 - -29) + (-2 - -3).
-12
What is the value of 10 + (-8 - -15 - 27)?
-10
Calculate 4 + -4 + 8 - (19 - 12).
1
Calculate 42 + -1 + -4 + -8 + -7.
22
What is the value of (-7 + 0 - (-108 + 113)) + (4 - -1)?
-7
-119 + 137 - (3 - 11)
26
Evaluate (-97 - -35) + 23 - -68.
29
Evaluate 3 + -31 - -33 - (1 - 0 - 0).
4
What is -19 - ((-5 - -5) + -7) - -31?
19
What is the value of 3 - -5 - (-73 + 72)?
9
Calculate 16 + -23 + -1 + (-5 - 0).
-13
81 + -67 - (-2 - -9)
7
What is (13 - (6 + 18)) + (6 - -2)?
-3
What is the value of 16 + -1 - (24 + -13 - 15)?
19
What is the value of 6 + (-26 - -15) - -5?
0
What is the value of -45 + 24 + (27 - 35)?
-29
(22 - 28) + 5 + -1
-2
What is the value of (1 - -7) + -7 + (-3 - -1 - -11)?
10
11 - 4 - (49 - 33)
-9
(10 - 2) + -11 + 2 + 6
5
-4 + (-7 - (-25 + 7)) + 1
8
-6 + -2 + -15 - (9 + (-4 - 5))
-23
-2 + -9 - ((-4 - -9) + 0 + 4)
-20
-9 - -9 - (8 - 15)
7
What is 5 + -1 - (18 - (-15 - (-9 + -2)))?
-18
What is the value of (19 - (13 - 3) - 3) + (-2 - 16)?
-12
(2 + -1 - (2 - 5 - -3)) + -9
-8
Evaluate -4 - (-24 + 8) - -11.
23
(120 + -121 - (0 + -9 - 2)) + -2
8
What is 0 + -5 + -4 + 1 + (7 - -1)?
0
Evaluate (6 - 1) + -2 + 0 + 8.
11
What is -21 - -26 - (6 - -1) - (6 + -17)?
9
What is 12 - (-32 + 60 - 37 - (1 + 0))?
22
Calculate -8 + -6 + (17 - 17) + (28 - 1).
13
Calculate 0 - (-4 + -5 - -2 - -9).
-2
Evaluate 14 - (51 - -21) - -35.
-23
12 + (-2 - 25 - 14)
-29
What is -10 + -17 + 22 + (4 - -1)?
0
Calculate (38 - 33 - 6) + -9 + (0 - 0).
-10
What is 2 + (6 - 1 - (0 - -13)) + -3?
-9
-13 - (-5 - (15 + 1))
8
Evaluate 0 - (2 - (13 + (-8 - 4))).
-1
Calculate 14 - ((-7 - (2 + -2)) + 57 + -51).
15
What is -18 + (67 - 33) + -46?
-30
Calculate -6 + -1 + -1 + (53 - (26 + 15)).
4
What is the value of -5 + 6 - (9 + (-6 + 12 - 8))?
-6
Calculate -2 + 13 - (6 + 9 - 2) - 21.
-23
What is the value of 2 + -6 + (-5 - 1 - 1) - 1?
-12
What is the value of -6 - (-2 + 14 + -8 + 1)?
-11
Evaluate 32 + -10 - -12 - 25.
9
15 + -47 + 12 + -4 + -2
-26
Evaluate 21 - (-20 - -12 - -16).
13
-13 - (103 + -135 - (3 + 0))
22
What is the value of (-8 - (-29 + 25)) + 31?
27
What is 0 + -1 - ((-11 - -10) + 12) - 0?
-12
Calculate -10 - (9 + -20) - ((-8 - -2) + 0).
7
Calculate -13 + -7 + (-2 - -13).
-9
What is the value of (-11 - (-3 - -5)) + (-23 - (-54 - -24))?
-6
Evaluate (44 - (-22 + 58)) + -24 + 4 + -1.
-13
-25 - -39 - 11 - (2 + 0)
1
Calculate (0 - 5) + (-1 - 0) + 27 + -14.
7
Evaluate -4 + -3 + 8 - (-30 - -32).
-1
What is -7 - (6 - (3 + 7 + -8))?
-11
What is the value of (-2 - 4) + -1 - (-34 + 14 + 3)?
10
Calculate -40 + 11 - -33 - 25.
-21
What is (-9 - (-2 - 4)) + (0 - -20) - 6?
11
What is 5 + 0 - (-192 + 196) - 14?
-13
What is the value of -13 + (-9 - (19 - 33) - -1)?
-7
Evaluate 0 - -8 - 7 - -3 - 1.
3
What is (0 - -19) + (-725 - -718)?
12
(-18 + 0 - -2) + (-8 + 1 - -10)
-13
Evaluate 1 + 4 - (-12 - -1 - -9 - -5).
2
10 + (-21 - (1 + 6 + -9) - 12)
-21
What is the value of (13 + -15 - -39) + -4 + -3 - -3?
33
1 + 2 + 4 + (-8 - -149) + -114
34
Evaluate -59 - -87 - (5 - -7).
16
25 + -3 - 39 - -30
13
What is 21 - 12 - 4 - (5 - -34)?
-34
(9 - 12) + 9 - 9
-3
What is 30 + (6 + -17 - -5)?
24
What is (-5 - (9 - 13)) + 1 + -5?
-5
What is the value of -3 + 10 + -13 + -4 + 0?
-10
Evaluate 1 - (7 - (3 - 19)).
-22
What is the value of 0 - 0 - (-20 + 6 + (-5 - 1))?
20
What is the value of (16 - (-1 + -8)) + -18?
7
What is the value of 80 - 84 - (1 - -12) - -8?
-9
What is the value of (-13 + 6 - -44) + (6 + -14 - -4)?
33
Evaluate (15 - 27) + (1 - 1).
-12
What is the value of (6 - (3 + -1)) + -26 + (-11 - -44)?
11
What is -12 + (-12 - 4) + (112 - 63)?
21
What is the value of 8 + -36 + 58 + (-11 - 0)?
19
Evaluate 4 + (3 - 1 - 1) + -39 + 48.
14
Calculate -1 + -5 + 1 + (125 - 181) + 26.
-35
What is the value of (-10 + -7 - 0) + (10 - 8)?
-15
Evaluate -1 + -8 + (-11 + -13 - -34).
1
-8 - (26 - 30 - (0 + 7))
3
-13 - (14 + -38) - (3 - -19)
-11
10 - (-7 + 13) - ((-6 - -6) + -3)
7
6 + -2 + 4 + -3 - -5
10
Calculate -9 + (6 - (1 + 7 + -4 - -7)).
-14
Calculate -1 + 0 - -13 - (364 - 379).
27
Calculate (11 - 6 - (-4 + 2)) + (-44 - -15).
-22
What is (-19 - -13) + (-4 - (-8 - 6))?
4
What is the value of 22 + (-24 + 17 - (3 - -1))?
11
Calculate (-7 - -6 - 13) + -16 + 26.
-4
Calculate (-18 - (6 - 14)) + 10 - (-1 + -1).
2
(-11 - -15) + (9 + -1 - 15)
-3
What is 6 + -3 - (31 + -10) - 2?
-20
What is the value of -9 + (3 - 3 - -5) - (-2 + 4)?
-6
Calculate -12 - -31 - (24 - -27) - 7.
-39
9 - ((-14 - -40) + -16)
-1
Calculate (-1 - -13) + -11 - (2 - (0 - -5)).
4
What is the value of 23 + 5 + (6 - 17)?
17
What is 2 - (-2 + (9 - 5)) - (-18 - -1)?
17
Calculate 14 - 15 - (2 + 4) - 27 - -7.
-27
What is 5 - (1 + 1 + (4 - 2))?
1
(6 - (-1 + 10)) + -22 + 17
-8
Calculate -25 + 9 - -63 - 42.
5
21 - 16 - ((-8 - -4) + -3)
12
What is -7 + -2 + (-2 - (-3 - 22))?
14
What is (-12 - -23) + (16 + -16 - (-1 + 6))?
6
What is the value of 5 + (-19 - (-10 - -3)) + 6?
-1
What is -9 + 29 + (8 - (2 + 8))?
18
-4 + 52 + -22 + -17
9
Evaluate 12 - (7 + 2) - 27.
-24
What is 13 - 4 - (-51 + 26 - -22)?
12
What is 10 - (-14 - (3 + (-45 - -8)))?
-10
Evaluate (81 - 81) + -9 + 2.
-7
3 - (-11 - (9 + -12)) - 3
8
What is the value of (3 - 11) + -1 + 11 + -20 + -2?
-20
(-9 - (-21 + 19 - (2 - -11))) + -7
-1
Calculate 22 - -5 - (6 + 12).
9
Evaluate -399 + 403 + -9 + -2 + 0 + -1.
-8
Calculate (12 - 2) + (-6 + 10 + 3 - 10).
7
What is the value of 3 + -9 + 1 + -4 - -9?
0
Evaluate -30 - -10 - (-10 - -4 - 7).
-7
What is the value of -28 + -1 - -14 - (-12 - -1